{"id":1601,"date":"2024-02-10T14:06:08","date_gmt":"2024-02-10T14:06:08","guid":{"rendered":"https:\/\/sarm-dz.com\/?page_id=1601"},"modified":"2024-02-10T15:02:22","modified_gmt":"2024-02-10T15:02:22","slug":"ajmr-revue-de-la-sarm","status":"publish","type":"page","link":"https:\/\/sarm-dz.com\/index.php\/ajmr-revue-de-la-sarm\/","title":{"rendered":"AJMR (Revue de la SARM)"},"content":{"rendered":"\t\t<div data-elementor-type=\"wp-page\" data-elementor-id=\"1601\" class=\"elementor elementor-1601\">\n\t\t\t\t<div class=\"elementor-element elementor-element-4de6d65 e-flex e-con-boxed e-con e-parent\" data-id=\"4de6d65\" data-element_type=\"container\">\n\t\t\t\t\t<div class=\"e-con-inner\">\n\t\t\t\t<div class=\"elementor-element elementor-element-889146a elementor-widget__width-initial exad-sticky-section-no exad-glass-effect-no elementor-widget elementor-widget-heading\" data-id=\"889146a\" data-element_type=\"widget\" data-widget_type=\"heading.default\">\n\t\t\t\t<div class=\"elementor-widget-container\">\n\t\t\t\t\t<h3 class=\"elementor-heading-title elementor-size-default\">AJMR (La Revue de la SARM)<\/h3>\t\t\t\t<\/div>\n\t\t\t\t<\/div>\n\t\t\t\t<div class=\"elementor-element elementor-element-445200d exad-sticky-section-no exad-glass-effect-no elementor-widget elementor-widget-text-editor\" data-id=\"445200d\" data-element_type=\"widget\" data-widget_type=\"text-editor.default\">\n\t\t\t\t<div class=\"elementor-widget-container\">\n\t\t\t\t\t\t\t\t\t<p>Explorons les avanc\u00e9es m\u00e9dicales et scientifiques : \u00c0 la d\u00e9couverte de l&rsquo;AJMR (Algerian Journal of Medical Research) &#8211; La Revue de la SARM<\/p>\t\t\t\t\t\t\t\t<\/div>\n\t\t\t\t<\/div>\n\t\t\t\t\t<\/div>\n\t\t\t\t<\/div>\n\t\t<div class=\"elementor-element elementor-element-24edd70c e-flex e-con-boxed e-con e-parent\" data-id=\"24edd70c\" data-element_type=\"container\">\n\t\t\t\t\t<div class=\"e-con-inner\">\n\t\t\t\t<div class=\"elementor-element elementor-element-3271b49d exad-sticky-section-no exad-glass-effect-no elementor-widget elementor-widget-text-editor\" data-id=\"3271b49d\" data-element_type=\"widget\" data-widget_type=\"text-editor.default\">\n\t\t\t\t<div class=\"elementor-widget-container\">\n\t\t\t\t\t\t\t\t\t\n<div data-wp-interactive=\"\" class=\"wp-block-file\"><object data-wp-bind--hidden=\"!selectors.core.file.hasPdfPreview\" hidden class=\"wp-block-file__embed\" style=\"width: 100%; height: 600px;\" data=\"https:\/\/sarm-dz.com\/wp-content\/uploads\/2024\/02\/AJMR-1er-Numero.pdf\" type=\"application\/pdf\" width=\"300\" height=\"150\" aria-label=\"Contenu embarqu\u00e9 AJMR-1er-Numero.\"><\/object><a id=\"wp-block-file--media-3284b9c1-aefc-4de7-8403-421ca0970699\" href=\"https:\/\/sarm-dz.com\/wp-content\/uploads\/2024\/02\/AJMR-1er-Numero.pdf\">AJMR-1er-Numero<\/a><\/div>\n\n\n\n<div data-wp-interactive=\"\" class=\"wp-block-file\"><object data-wp-bind--hidden=\"!selectors.core.file.hasPdfPreview\" hidden class=\"wp-block-file__embed\" style=\"width: 100%; height: 600px;\" data=\"https:\/\/sarm-dz.com\/wp-content\/uploads\/2024\/02\/AJMR-2eme-Numero.pdf\" type=\"application\/pdf\" width=\"300\" height=\"150\" aria-label=\"Contenu embarqu\u00e9 AJMR-2eme-Numero.\"><\/object><a id=\"wp-block-file--media-0446619e-a129-4950-be50-b1f465bed97b\" href=\"https:\/\/sarm-dz.com\/wp-content\/uploads\/2024\/02\/AJMR-2eme-Numero.pdf\">AJMR-2eme-Numero<\/a><\/div>\n\t\t\t\t\t\t\t\t<\/div>\n\t\t\t\t<\/div>\n\t\t\t\t\t<\/div>\n\t\t\t\t<\/div>\n\t\t\t\t<\/div>\n\t\t","protected":false},"excerpt":{"rendered":"<p>AJMR (La Revue de la SARM) Explorons les avanc\u00e9es m\u00e9dicales et scientifiques : \u00c0 la d\u00e9couverte de l&rsquo;AJMR (Algerian Journal of Medical Research) &#8211; La Revue de la SARM<\/p>\n","protected":false},"author":2,"featured_media":0,"parent":0,"menu_order":0,"comment_status":"closed","ping_status":"closed","template":"","meta":{"om_disable_all_campaigns":false,"_monsterinsights_skip_tracking":false,"_monsterinsights_sitenote_active":false,"_monsterinsights_sitenote_note":"","_monsterinsights_sitenote_category":0,"footnotes":""},"aioseo_notices":[],"_links":{"self":[{"href":"https:\/\/sarm-dz.com\/index.php\/wp-json\/wp\/v2\/pages\/1601"}],"collection":[{"href":"https:\/\/sarm-dz.com\/index.php\/wp-json\/wp\/v2\/pages"}],"about":[{"href":"https:\/\/sarm-dz.com\/index.php\/wp-json\/wp\/v2\/types\/page"}],"author":[{"embeddable":true,"href":"https:\/\/sarm-dz.com\/index.php\/wp-json\/wp\/v2\/users\/2"}],"replies":[{"embeddable":true,"href":"https:\/\/sarm-dz.com\/index.php\/wp-json\/wp\/v2\/comments?post=1601"}],"version-history":[{"count":11,"href":"https:\/\/sarm-dz.com\/index.php\/wp-json\/wp\/v2\/pages\/1601\/revisions"}],"predecessor-version":[{"id":1617,"href":"https:\/\/sarm-dz.com\/index.php\/wp-json\/wp\/v2\/pages\/1601\/revisions\/1617"}],"wp:attachment":[{"href":"https:\/\/sarm-dz.com\/index.php\/wp-json\/wp\/v2\/media?parent=1601"}],"curies":[{"name":"wp","href":"https:\/\/api.w.org\/{rel}","templated":true}]}}