{"id":330,"date":"2024-01-21T18:09:24","date_gmt":"2024-01-21T18:09:24","guid":{"rendered":"https:\/\/sarm-dz.com\/index.php\/membership-join\/membership-registration\/"},"modified":"2024-05-20T18:32:08","modified_gmt":"2024-05-20T17:32:08","slug":"inscription-aux-congres-et-forums","status":"publish","type":"page","link":"https:\/\/sarm-dz.com\/index.php\/inscription-aux-congres-et-forums\/","title":{"rendered":"Inscription aux Congr\u00e8s et Forums"},"content":{"rendered":"\t\t<div data-elementor-type=\"wp-page\" data-elementor-id=\"330\" class=\"elementor elementor-330\">\n\t\t\t\t<div class=\"elementor-element elementor-element-d770c87 e-flex e-con-boxed e-con e-parent\" data-id=\"d770c87\" data-element_type=\"container\">\n\t\t\t\t\t<div class=\"e-con-inner\">\n\t\t\t\t<div class=\"elementor-element elementor-element-42c9592 exad-sticky-section-no exad-glass-effect-no elementor-widget elementor-widget-heading\" data-id=\"42c9592\" data-element_type=\"widget\" data-widget_type=\"heading.default\">\n\t\t\t\t<div class=\"elementor-widget-container\">\n\t\t\t\t\t<h3 class=\"elementor-heading-title elementor-size-default\">Inscription  pr\u00e9liminaire aux Congr\u00e8s et Forums<\/h3>\t\t\t\t<\/div>\n\t\t\t\t<\/div>\n\t\t\t\t<div class=\"elementor-element elementor-element-c9cf171 exad-sticky-section-no exad-glass-effect-no elementor-widget elementor-widget-text-editor\" data-id=\"c9cf171\" data-element_type=\"widget\" data-widget_type=\"text-editor.default\">\n\t\t\t\t<div class=\"elementor-widget-container\">\n\t\t\t\t\t\t\t\t\t<h3 style=\"color: #222222; font-family: 'Helvetica Neue', Helvetica, Arial, sans-serif;\"><b>Inscription pr\u00e9liminaire au 3eme Forum m\u00e9dical Ouest de la SARM Oran 2024<\/b><\/h3><p>Vendredi le 24 Mai 2024\u00a0 Hotel\u00a0 Vendome\u00a0 Oran\u00a0<\/p><p style=\"color: #222222; font-family: 'Helvetica Neue', Helvetica, Arial, sans-serif;\">Veuillez svp remplir le formulaire ci-dessous et pr\u00e9senter le badge provisoire que vous allez recevoir au comit\u00e9 d\u2019organisation du 3\u00a0<span style=\"font-size: 8pt; line-height: 11.4133px;\">eme<\/span>\u00a0Forum pour retirer votre Badge officiel<\/p><p style=\"color: #222222; font-family: 'Helvetica Neue', Helvetica, Arial, sans-serif;\">Les frais d\u2019inscription sont arr\u00eat\u00e9s \u00e0\u00a0<u>1000 DA<\/u>\u00a0et qui couvrent :<\/p><p style=\"color: #222222; font-family: 'Helvetica Neue', Helvetica, Arial, sans-serif;\">1.Badge et porte document + attestation de participation<\/p><p style=\"color: #222222; font-family: 'Helvetica Neue', Helvetica, Arial, sans-serif;\">2.L\u2019acc\u00e8s \u00e0 la salle de conf\u00e9rence et aux ateliers<\/p><p style=\"color: #222222; font-family: 'Helvetica Neue', Helvetica, Arial, sans-serif;\">3. Repas d\u00e9jeuner + les deux pauses caf\u00e9.<\/p><p><b>NB\/\/ Places limit\u00e9es, les premiers inscrits sont les premiers retenus !<\/b><\/p>\t\t\t\t\t\t\t\t<\/div>\n\t\t\t\t<\/div>\n\t\t\t\t\t<\/div>\n\t\t\t\t<\/div>\n\t\t<div class=\"elementor-element elementor-element-1c0f061 e-flex e-con-boxed e-con e-parent\" data-id=\"1c0f061\" data-element_type=\"container\">\n\t\t\t\t\t<div class=\"e-con-inner\">\n\t\t\t\t<div class=\"elementor-element elementor-element-ce92ecd exad-sticky-section-no exad-glass-effect-no elementor-widget elementor-widget-heading\" data-id=\"ce92ecd\" data-element_type=\"widget\" data-widget_type=\"heading.default\">\n\t\t\t\t<div class=\"elementor-widget-container\">\n\t\t\t\t\t<h1 class=\"elementor-heading-title elementor-size-default\">inscription cl\u00f4tur\u00e9e<\/h1>\t\t\t\t<\/div>\n\t\t\t\t<\/div>\n\t\t\t\t\t<\/div>\n\t\t\t\t<\/div>\n\t\t<div class=\"elementor-element elementor-element-c1d66ed e-flex e-con-boxed e-con e-parent\" data-id=\"c1d66ed\" data-element_type=\"container\">\n\t\t\t\t\t<div class=\"e-con-inner\">\n\t\t\t\t<div class=\"elementor-element elementor-element-2e4641d exad-sticky-section-no exad-glass-effect-no elementor-widget elementor-widget-image\" data-id=\"2e4641d\" data-element_type=\"widget\" data-widget_type=\"image.default\">\n\t\t\t\t<div class=\"elementor-widget-container\">\n\t\t\t\t\t\t\t\t\t\t\t\t\t\t\t<img fetchpriority=\"high\" decoding=\"async\" width=\"724\" height=\"1024\" src=\"https:\/\/sarm-dz.com\/wp-content\/uploads\/2024\/05\/Programme-PDF-du-3eme-Forum-2024-de-la-SARM-_page-0001-724x1024.jpg\" class=\"attachment-large size-large wp-image-2004\" alt=\"\" srcset=\"https:\/\/sarm-dz.com\/wp-content\/uploads\/2024\/05\/Programme-PDF-du-3eme-Forum-2024-de-la-SARM-_page-0001-724x1024.jpg 724w, https:\/\/sarm-dz.com\/wp-content\/uploads\/2024\/05\/Programme-PDF-du-3eme-Forum-2024-de-la-SARM-_page-0001-212x300.jpg 212w, https:\/\/sarm-dz.com\/wp-content\/uploads\/2024\/05\/Programme-PDF-du-3eme-Forum-2024-de-la-SARM-_page-0001-768x1086.jpg 768w, https:\/\/sarm-dz.com\/wp-content\/uploads\/2024\/05\/Programme-PDF-du-3eme-Forum-2024-de-la-SARM-_page-0001-1086x1536.jpg 1086w, https:\/\/sarm-dz.com\/wp-content\/uploads\/2024\/05\/Programme-PDF-du-3eme-Forum-2024-de-la-SARM-_page-0001-191x270.jpg 191w, https:\/\/sarm-dz.com\/wp-content\/uploads\/2024\/05\/Programme-PDF-du-3eme-Forum-2024-de-la-SARM-_page-0001.jpg 1241w\" sizes=\"(max-width: 724px) 100vw, 724px\" \/>\t\t\t\t\t\t\t\t\t\t\t\t\t\t\t<\/div>\n\t\t\t\t<\/div>\n\t\t\t\t\t<\/div>\n\t\t\t\t<\/div>\n\t\t<div class=\"elementor-element elementor-element-3e64bdb e-grid e-con-boxed e-con e-parent\" data-id=\"3e64bdb\" data-element_type=\"container\">\n\t\t\t\t\t<div class=\"e-con-inner\">\n\t\t\t\t<div class=\"elementor-element elementor-element-09f07fb exad-sticky-section-no exad-glass-effect-no elementor-widget elementor-widget-image\" data-id=\"09f07fb\" data-element_type=\"widget\" data-widget_type=\"image.default\">\n\t\t\t\t<div class=\"elementor-widget-container\">\n\t\t\t\t\t\t\t\t\t\t\t\t\t\t\t<img decoding=\"async\" width=\"724\" height=\"1024\" src=\"https:\/\/sarm-dz.com\/wp-content\/uploads\/2024\/05\/Programme-Du-3eme-Forum-de-la-SARM-Oran-2024-_page-0002-1-724x1024.jpg\" class=\"attachment-large size-large wp-image-2017\" alt=\"\" srcset=\"https:\/\/sarm-dz.com\/wp-content\/uploads\/2024\/05\/Programme-Du-3eme-Forum-de-la-SARM-Oran-2024-_page-0002-1-724x1024.jpg 724w, https:\/\/sarm-dz.com\/wp-content\/uploads\/2024\/05\/Programme-Du-3eme-Forum-de-la-SARM-Oran-2024-_page-0002-1-212x300.jpg 212w, https:\/\/sarm-dz.com\/wp-content\/uploads\/2024\/05\/Programme-Du-3eme-Forum-de-la-SARM-Oran-2024-_page-0002-1-768x1086.jpg 768w, https:\/\/sarm-dz.com\/wp-content\/uploads\/2024\/05\/Programme-Du-3eme-Forum-de-la-SARM-Oran-2024-_page-0002-1-1086x1536.jpg 1086w, https:\/\/sarm-dz.com\/wp-content\/uploads\/2024\/05\/Programme-Du-3eme-Forum-de-la-SARM-Oran-2024-_page-0002-1-191x270.jpg 191w, https:\/\/sarm-dz.com\/wp-content\/uploads\/2024\/05\/Programme-Du-3eme-Forum-de-la-SARM-Oran-2024-_page-0002-1.jpg 1241w\" sizes=\"(max-width: 724px) 100vw, 724px\" \/>\t\t\t\t\t\t\t\t\t\t\t\t\t\t\t<\/div>\n\t\t\t\t<\/div>\n\t\t\t\t<div class=\"elementor-element elementor-element-157add5 exad-sticky-section-no exad-glass-effect-no elementor-widget elementor-widget-image\" data-id=\"157add5\" data-element_type=\"widget\" data-widget_type=\"image.default\">\n\t\t\t\t<div class=\"elementor-widget-container\">\n\t\t\t\t\t\t\t\t\t\t\t\t\t\t\t<img decoding=\"async\" width=\"724\" height=\"1024\" src=\"https:\/\/sarm-dz.com\/wp-content\/uploads\/2024\/05\/Programme-Du-3eme-Forum-de-la-SARM-Oran-2024-_page-0003-1-724x1024.jpg\" class=\"attachment-large size-large wp-image-2018\" alt=\"\" srcset=\"https:\/\/sarm-dz.com\/wp-content\/uploads\/2024\/05\/Programme-Du-3eme-Forum-de-la-SARM-Oran-2024-_page-0003-1-724x1024.jpg 724w, https:\/\/sarm-dz.com\/wp-content\/uploads\/2024\/05\/Programme-Du-3eme-Forum-de-la-SARM-Oran-2024-_page-0003-1-212x300.jpg 212w, https:\/\/sarm-dz.com\/wp-content\/uploads\/2024\/05\/Programme-Du-3eme-Forum-de-la-SARM-Oran-2024-_page-0003-1-768x1086.jpg 768w, https:\/\/sarm-dz.com\/wp-content\/uploads\/2024\/05\/Programme-Du-3eme-Forum-de-la-SARM-Oran-2024-_page-0003-1-1086x1536.jpg 1086w, https:\/\/sarm-dz.com\/wp-content\/uploads\/2024\/05\/Programme-Du-3eme-Forum-de-la-SARM-Oran-2024-_page-0003-1-191x270.jpg 191w, https:\/\/sarm-dz.com\/wp-content\/uploads\/2024\/05\/Programme-Du-3eme-Forum-de-la-SARM-Oran-2024-_page-0003-1.jpg 1241w\" sizes=\"(max-width: 724px) 100vw, 724px\" \/>\t\t\t\t\t\t\t\t\t\t\t\t\t\t\t<\/div>\n\t\t\t\t<\/div>\n\t\t\t\t\t<\/div>\n\t\t\t\t<\/div>\n\t\t\t\t<\/div>\n\t\t","protected":false},"excerpt":{"rendered":"<p>Inscription pr\u00e9liminaire aux Congr\u00e8s et Forums Inscription pr\u00e9liminaire au 3eme Forum m\u00e9dical Ouest de la SARM Oran 2024 Vendredi le 24 Mai 2024\u00a0 Hotel\u00a0 Vendome\u00a0 Oran\u00a0 Veuillez svp remplir le formulaire ci-dessous et pr\u00e9senter le badge provisoire que vous allez <a href=\"https:\/\/sarm-dz.com\/index.php\/inscription-aux-congres-et-forums\/\" class=\"read-more\">Read More &#8230;<\/a><\/p>\n","protected":false},"author":1,"featured_media":0,"parent":0,"menu_order":0,"comment_status":"closed","ping_status":"closed","template":"","meta":{"om_disable_all_campaigns":false,"_monsterinsights_skip_tracking":false,"_monsterinsights_sitenote_active":false,"_monsterinsights_sitenote_note":"","_monsterinsights_sitenote_category":0,"footnotes":""},"aioseo_notices":[],"_links":{"self":[{"href":"https:\/\/sarm-dz.com\/index.php\/wp-json\/wp\/v2\/pages\/330"}],"collection":[{"href":"https:\/\/sarm-dz.com\/index.php\/wp-json\/wp\/v2\/pages"}],"about":[{"href":"https:\/\/sarm-dz.com\/index.php\/wp-json\/wp\/v2\/types\/page"}],"author":[{"embeddable":true,"href":"https:\/\/sarm-dz.com\/index.php\/wp-json\/wp\/v2\/users\/1"}],"replies":[{"embeddable":true,"href":"https:\/\/sarm-dz.com\/index.php\/wp-json\/wp\/v2\/comments?post=330"}],"version-history":[{"count":84,"href":"https:\/\/sarm-dz.com\/index.php\/wp-json\/wp\/v2\/pages\/330\/revisions"}],"predecessor-version":[{"id":2027,"href":"https:\/\/sarm-dz.com\/index.php\/wp-json\/wp\/v2\/pages\/330\/revisions\/2027"}],"wp:attachment":[{"href":"https:\/\/sarm-dz.com\/index.php\/wp-json\/wp\/v2\/media?parent=330"}],"curies":[{"name":"wp","href":"https:\/\/api.w.org\/{rel}","templated":true}]}}